1
Let g(b) = -41*b**2 - 4792*b + 25621. Determine g(-122).
1
Let x(l) = 2*l**2 - 135*l + 223. Give x(57).
-974
Let u(r) = 59*r**2 - 12691*r + 1254. Calculate u(215).
-36
Let c(s) = -1517*s + 368912. Give c(243).
281
Let c(a) = -2343*a - 33306. What is c(-14)?
-504
Let a(k) = -508*k - 296683. What is a(-584)?
-11
Let n(p) = p**3 - 36*p**2 + 92*p + 225. Calculate n(33).
-6
Let a(k) = k**2 - 5607*k - 420394. Determine a(-74).
0
Let x(n) = -5351*n - 315679. Calculate x(-59).
30
Let g(o) = 450*o + 3384. What is g(-8)?
-216
Let f(u) = -2*u**3 + 75*u**2 - 1365*u + 11880. Calculate f(18).
-54
Let c(o) = 2*o**2 - 292*o + 9937. Calculate c(52).
161
Let f(d) = -11*d**2 + 914*d - 97. Give f(81).
1766
Let s(m) = -2*m**3 + 204*m**2 + 377*m + 1087. What is s(104)?
-2969
Let o(f) = 7*f**2 + 430755*f - 861516. Determine o(2).
22
Let f(c) = c**3 - 9*c**2 - 8*c - 26. Determine f(9).
-98
Let k(g) = g**3 + 109*g**2 + 31*g - 8315. Give k(-108).
1
Let f(r) = 8*r**2 - 2868*r - 14420. Determine f(-5).
120
Let m(u) = -7*u**3 + 30*u**2 - 133*u + 1086. What is m(6)?
-144
Let z(r) = -r**3 + 3*r**2 + 76*r - 132. Give z(9).
66
Let f(u) = -u**2 + 2646*u + 64100. What is f(-24)?
20
Let f(j) = -2*j**3 + 34*j**2 + 1480*j + 4399. Determine f(38).
-9
Let l(h) = -584*h + 16831. Give l(29).
-105
Let t(w) = -w**3 - 161*w**2 + 10*w + 1105. Give t(-161).
-505
Let h(n) = -105*n**2 - 5163*n + 69501. Determine h(11).
3
Let t(n) = 2*n**3 - 122*n**2 + 243*n - 296. Determine t(59).
117
Let f(i) = -19*i**2 - 727*i - 2005. Give f(-3).
5
Let n(t) = -1169*t**2 - 9004*t + 2773. Determine n(-8).
-11
Let i(o) = o**3 + 3*o**2 - 569*o + 6861. Calculate i(12).
2193
Let g(o) = o**3 + 96*o**2 + 361*o - 573. What is g(-92)?
71
Let y(u) = -198*u**2 + 2768*u - 57. Determine y(14).
-113
Let d(z) = 2*z**2 - 2183*z - 13065. What is d(-6)?
105
Let f(d) = d**3 - 701*d**2 + 71575*d + 503128. Calculate f(575).
3
Let k(l) = -10*l**2 + 638*l - 1121. Determine k(62).
-5
Let f(c) = -2029*c - 10114. Determine f(-5).
31
Let b(i) = -1806*i - 1011. Determine b(-1).
795
Let h(j) = 1164*j + 66466. Give h(-57).
118
Let m(h) = -3*h**3 - 15*h**2 - 150*h - 338. Give m(-9).
1984
Let x(h) = -97*h - 1568. Calculate x(-18).
178
Let j(y) = y**3 - 219*y**2 - 937*y - 822. Give j(-3).
-9
Let a(l) = -157*l**2 + 2022*l + 198. What is a(13)?
-49
Let b(m) = 2*m**2 + 231*m + 1339. Give b(-110).
129
Let n(y) = -65769*y + 197307. Give n(3).
0
Let g(s) = -2*s**2 + 79*s - 530. Give g(7).
-75
Let f(z) = -z**3 - 193*z**2 + 42*z + 44922. Give f(-192).
-6
Let a(g) = -6*g**3 + 13*g**2 - 80*g + 42. What is a(7)?
-1939
Let f(p) = -48561*p - 1359684. What is f(-28)?
24
Let m(s) = -16*s**2 - 4748*s + 1253. Determine m(-297).
65
Let q(x) = -3*x**3 - 84*x**2 - 383*x - 834. Determine q(-23).
40
Let j(k) = k**2 + 472*k + 14853. What is j(-34)?
-39
Let b(i) = 11881*i - 106913. What is b(9)?
16
Let f(q) = -5*q**3 - 10*q**2 + 43*q - 4. Determine f(-4).
-16
Let u(a) = 1924*a + 159665. Calculate u(-83).
-27
Let j(h) = 42*h**3 - 4*h**2 - 271*h - 268. Give j(-1).
-43
Let g(y) = -33*y**3 + 2968*y**2 + 862*y - 61367. Calculate g(90).
13
Let v(q) = q**3 + 77*q**2 + 4146*q + 309326. What is v(-76)?
6
Let a(s) = 8*s**3 - 1046*s**2 - 259*s - 661. Determine a(131).
-268
Let k(j) = -960*j**2 - 3826*j - 11. What is k(-4)?
-67
Let k(u) = u**3 + 604*u**2 + 61271*u - 526. What is k(-129)?
-10
Let r(i) = -7687*i - 284372. Give r(-37).
47
Let y(l) = l**2 - 208*l + 3757. Give y(21).
-170
Let d(k) = k**3 - 76*k**2 + 1429*k - 1502. Determine d(30).
-32
Let g(n) = -2*n**2 - 960*n - 8469. What is g(-9)?
9
Let k(f) = -f**3 - 51*f**2 - 194*f + 8866. What is k(-41)?
10
Let r(m) = -459*m - 8220. Calculate r(-17).
-417
Let b(i) = -100*i**2 + 20197*i + 735. Give b(202).
129
Let p(c) = 789*c**3 - 2*c**2 - 3*c + 4. What is p(-1)?
-784
Let d(y) = -3388*y + 2117512. Give d(625).
12
Let l(k) = 2051*k + 123130. Determine l(-60).
70
Let b(i) = -8897*i + 85675. Determine b(10).
-3295
Let k(y) = y**2 + 379*y + 17048. Determine k(-52).
44
Let s(a) = 3111*a - 270608. What is s(87)?
49
Let y(v) = -8756*v - 105053. Give y(-12).
19
Let d(r) = -13*r**2 - 7733*r + 186041. Calculate d(-618).
23
Let g(m) = 19123*m + 134186. Give g(-7).
325
Let k(p) = 182*p**2 - 2534*p - 6. Determine k(14).
190
Let h(z) = z**3 + 56*z**2 - 146*z - 512. Determine h(-58).
1228
Let c(q) = -2*q**3 + 57*q**2 + 232*q - 494. What is c(32)?
-238
Let a(j) = j**3 + 33*j**2 + 67*j - 534. Give a(-29).
887
Let g(l) = 10479691*l + 10479702. Give g(-1).
11
Let p(j) = 2*j**3 - 145*j**2 - 238*j + 1099. Determine p(74).
-85
Let k(o) = -28*o**3 - 6*o**2 + 16766*o - 16761. What is k(1)?
-29
Let j(h) = h**3 - 457*h**2 - 15646*h - 986. What is j(489)?
-8
Let d(a) = 789*a**2 + 10257*a + 130. Give d(-13).
130
Let m(l) = 10*l**2 - 75*l - 2210. What is m(19)?
-25
Let h(v) = -v**3 - 38*v**2 - 56*v - 3566. Give h(-39).
139
Let d(k) = k**3 - 34*k**2 - 59*k - 471. Calculate d(36).
-3
Let t(h) = 18*h**2 + 16*h + 68. Determine t(-4).
292
Let n(g) = -6*g**3 + 199*g**2 - 76*g + 1163. Give n(33).
-256
Let b(t) = t**2 - 27*t - 6047. Calculate b(93).
91
Let f(v) = 1050*v - 3136. What is f(3)?
14
Let f(o) = 210*o + 8382. Determine f(-42).
-438
Let b(o) = -o**2 + 453750*o - 4991086. Determine b(11).
43
Let m(h) = 123538*h + 3088446. Determine m(-25).
-4
Let j(h) = h**3 + 65*h**2 + 605*h - 37. Give j(-54).
-631
Let q(j) = 14*j**3 - 103*j**2 - 746*j - 1289. Determine q(-3).
-356
Let x(h) = h**2 + 88*h + 49. Give x(-6).
-443
Let b(k) = -5429*k - 75959. Give b(-14).
47
Let n(b) = -7*b**3 - 187*b**2 - 122*b + 158. Calculate n(-26).
-50
Let i(h) = -318*h - 435. Calculate i(0).
-435
Let i(s) = -2*s**3 - 75*s**2 + 273*s + 13702. What is i(-36)?
-14
Let o(c) = 10*c + 1013. What is o(-98)?
33
Let p(h) = 100*h + 1467. What is p(-18)?
-333
Let m(d) = -20*d**3 + 54*d**2 - 13*d - 1. What is m(3)?
-94
Let b(t) = t**2 - 161*t - 5161. Determine b(-28).
131
Let y(t) = 2637*t + 13073. Give y(-5).
-112
Let q(m) = -9*m**2 + 1113*m + 1508. Calculate q(125).
8
Let n(m) = 7*m**2 + 657*m + 15492. Determine n(-46).
82
Let x(c) = -3*c**2 - 713*c - 42270. What is x(-113)?
-8
Let y(j) = j**2 - 2795*j - 16841. Determine y(-6).
-35
Let p(s) = -s**3 + 18*s**2 + 1650*s - 11502. Give p(7).
587
Let h(d) = -d**3 + 7*d**2 + 92*d - 695. Determine h(8).
-23
Let q(r) = r**2 + 150*r + 5175. Give q(-55).
-50
Let d(a) = -1940*a + 275479. Give d(142).
-1
Let m(o) = -o**3 + 11*o**2 + 1190*o - 13008. Give m(11).
82
Let t(n) = -37*n**2 + 10178*n - 10965. Determine t(274).
-5
Let h(b) = 887260*b - 4436245. Calculate h(5).
55
Let t(h) = h**3 - 71*h**2 + 674*h - 150. Give t(11).
4
Let r(y) = y**3 - 150*y**2 + 352*y + 13053. Give r(147).
-30
Let u(r) = 3*r**3 + 160*r**2 + 987*r + 34. What is u(-46)?
1184
Let g(s) = 3*s**3 - 3*s**2 - 289*s - 1848. Give g(-7).
-1001
Let h(t) = 6*t**3 - 16*t**2 + 277*t - 263. Determine h(1).
4
Let b(y) = 326*y + 739. Determine b(-2).
87
Let h(p) = 6*p**3 - 29*p**2 - 136*p + 667. Give h(5).
12
Let u(p) = -9*p**2 + 912*p + 777. Give u(102).
165
Let m(n) = -299*n + 125269. Calculate m(419).
-12
Let w(k) = -k**2 - 2048*k + 214805. What is w(100)?
5
Let u(t) = 19*t**2 + 3157*t + 40481. Give u(-14).
7
Let s(p) = -p**2 - 121*p + 3490. Determine s(-143).
344
Let m(p) = 15*p**3 + 2161*p**2 - 6477*p - 7. What is m(3)?
416
Let k(j) = 3878*j + 415054. Determine k(-107).
108
Let k(a) = -a**2 - 216*a + 122117. Determine k(255).
2012
Let t(m) = -m**2 + 221*m - 8737. What is t(89)?
3011
Let c(s) = 22*s**2 - 2190*s + 1209. Calculate c(99).
21
Let x(f) = 2505*f - 476. What is x(1)?
2029
Let n(p) = 158*p**2 - 867*p - 1754. What is n(-2)?
612
Let j(v) = -v**3 + 4711*v**2 - 23549*v + 90. What is j(5)?
-5
Let b(d) = -1421*d + 215975. Determine b(152).
-17
Let l(m) = -1946*m + 13674. What is l(7)?
52
Let b(r) = r**2 + 10231*r + 1003074. Calculate b(-99).
6
Let u(y) = -y**2 + 12688*y + 127042. Calculate u(-10).
62
Let y(p) = -15685*p + 564499. What is y(36)?
-161
Let c(k) = -1084*k - 8608. What is c(-7)?
-1020
Let p(r) = r**2 + 444*r + 16393. Calculate p(-41).
-130
Let n(s) = 138*s**2 - 969*s - 63. Calculate n(7).
-84
Let q(m) = 2*m**3 + 25*m**2 + 123*m + 296. Determine q(-5).
56
Let t(i) = -22*i + 3133. Give t(148).
-123
Let x(r) = r**3 + 800*r**2 + 1646*r + 39938. What is x(-798)?
38
Let d(t) = -3